{"id":74,"date":"2020-03-29T13:43:10","date_gmt":"2020-03-29T13:43:10","guid":{"rendered":"https:\/\/www.taksierkkila.fi\/?page_id=74"},"modified":"2020-03-29T13:43:10","modified_gmt":"2020-03-29T13:43:10","slug":"tietosuojaseloste","status":"publish","type":"page","link":"https:\/\/www.taksierkkila.fi\/?page_id=74","title":{"rendered":"Tietosuojaseloste"},"content":{"rendered":"\n<h2>Taksi &#8211; Tommi Erkkil\u00e4<\/h2>\n\n\n\n<p>Verkkosivustomme osoite on: https:\/\/www.taksierkkila.fi.<br>Taksi Tommi Erkkil\u00e4 on sitoutunut suojaamaan yksityisyytt\u00e4 ja k\u00e4sittelem\u00e4\u00e4n henkil\u00f6tietoja kulloinkin voimassa olevan lains\u00e4\u00e4d\u00e4nn\u00f6n ja hyvien tietosuojak\u00e4yt\u00e4nt\u00f6jen mukaisesti. Kuvaamme t\u00e4ss\u00e4 tietosuojaselosteessa, miten henkil\u00f6tietoja ker\u00e4t\u00e4\u00e4n, k\u00e4sitell\u00e4\u00e4n ja suojataan. <\/p>\n\n\n\n<h2>Tietojen ker\u00e4\u00e4minen<\/h2>\n\n\n\n<p>Ker\u00e4\u00e4mme tietoja muun muassa silloin, kun<\/p>\n\n\n\n<p>\u2022 Annat meille palautetta tai j\u00e4t\u00e4t\nyhteydenottopyynn\u00f6n<br>\n\u2022 K\u00e4yt\u00e4t palveluitamme<br>\n\u2022 Osallistut markkinointikampanjaamme tai j\u00e4rjest\u00e4m\u00e4\u00e4mme markkinointi- tai\nmielipidetutkimukseen<\/p>\n\n\n\n<h2>Millaista tietoa ker\u00e4\u00e4mme?<\/h2>\n\n\n\n<p>Ker\u00e4\u00e4m\u00e4mme tieto pohjautuu niihin tietoihin, joita olet yrityksellemme itse v\u00e4litt\u00e4nyt. T\u00e4llaisia tietoja ovat mm. etu- ja sukunimi, osoite, s\u00e4hk\u00f6postiosoite, puhelinnumero, sek\u00e4 tilaukseen ja laskutukseen liittyv\u00e4t tiedot.<\/p>\n\n\n\n<h2>Ker\u00e4\u00e4mme<\/h2>\n\n\n\n<p>\u2022 s\u00e4hk\u00f6isten palveluiden rekister\u00f6intitiedot<br>\n\u2022 asiakassuhdetietoja muun muassa taksikorttihankintoihin ja myyntipalvelun\nkautta tehtyihin taksitilauksiin<br>\n\u2022 asiakaspalautteet ja muut yhteydenotot<br>\n\u2022 markkinointikampanjan, arvonnan tai kilpailun yhteydess\u00e4 annetut tiedot sek\u00e4<br>\ntiedot kampanjaan osallistumisesta<br>\n\u2022 edell\u00e4 mainittujen tietojen lis\u00e4ksi verkkosivujemme k\u00e4ytt\u00f6\u00f6n liittyen\nk\u00e4vij\u00e4m\u00e4\u00e4ri\u00e4 ja selaustietoja<\/p>\n\n\n\n<h2>Mihin tietoja k\u00e4ytet\u00e4\u00e4n?<\/h2>\n\n\n\n<p>K\u00e4sittelemme tietoja liiketoiminnan tarpeisiin esimerkiksi tilaamiesi palveluiden tai tuotteiden toimittamiseksi, muun sopimuksen toteuttamiseksi tai palautteiden k\u00e4sittelyyn.<\/p>\n\n\n\n<h2>Kuinka kauan s\u00e4ilyt\u00e4mme tietojasi?<\/h2>\n\n\n\n<p>Emme s\u00e4ilyt\u00e4 tietoja kauemmin kuin on tarpeen t\u00e4ss\u00e4 tietosuojaselosteessa kuvattujen tarkoitusten toteuttamiseksi sek\u00e4 mahdollisen muun pakottavan lains\u00e4\u00e4d\u00e4nn\u00f6n, kuten kirjanpitolains\u00e4\u00e4d\u00e4nn\u00f6n noudattamiseksi. Tietojen s\u00e4ilytysaikaan vaikuttaa my\u00f6s esimerkiksi se, miss\u00e4 yhteydess\u00e4 ja mit\u00e4 tarkoitusta varten tieto on ker\u00e4tty.<\/p>\n\n\n\n<h2>Ketk\u00e4 oivat k\u00e4sitell\u00e4 tietojasi ja luovutammeko niit\u00e4 kolmansille tahoille?<\/h2>\n\n\n\n<p>Tietoja k\u00e4sittelee vain yrityksemme henkil\u00f6kunta. Voimme luovuttaa tietoja viranomaisille lains\u00e4\u00e4d\u00e4nn\u00f6n n\u00e4in velvoittaessa. Emme siirr\u00e4 tietoja EU:n tai ETA:n ulkopuolelle.<\/p>\n\n\n\n<h2>Miten voit vaikuttaa henkil\u00f6tietojesi k\u00e4sittelyyn?<\/h2>\n\n\n\n<p>\u2022 Sinulla on oikeus vaikuttaa tietojesi k\u00e4sittelyyn seuraavilla tavoilla: \u2022 Sinulla on oikeus pyyt\u00e4\u00e4 p\u00e4\u00e4sy\u00e4 sinua itse\u00e4si koskeviin tietoihin tai saada vahvistus siit\u00e4, ett\u00e4 emme k\u00e4sittele sinua koskevia tietoja (tarkastusoikeus). Voit tehd\u00e4 tarkastuspyynn\u00f6n l\u00e4hett\u00e4m\u00e4ll\u00e4 meille kirjallisen ja allekirjoitetun tarkastuspyynn\u00f6n alla mainittuun rekisterinpit\u00e4j\u00e4n osoitteeseen. Tietyiss\u00e4 tilanteissa sinulla on my\u00f6s oikeus saada meille toimittamasi henkil\u00f6tiedot s\u00e4hk\u00f6isess\u00e4 muodossa, jolloin voit halutessasi siirt\u00e4\u00e4 ne my\u00f6s toiselle rekisterinpit\u00e4j\u00e4lle (oikeus siirt\u00e4\u00e4 tiedot j\u00e4rjestelm\u00e4st\u00e4 toiseen).<br>\u2022 Sinulla on oikeus tietojen oikaisemiseen (oikeus tietojen oikaisemiseen). T\u00e4m\u00e4 tarkoittaa sit\u00e4, ett\u00e4 mik\u00e4li tietosi ovat virheelliset, ep\u00e4tarkat tai puutteelliset, sinulla on oikeus pyyt\u00e4\u00e4 meit\u00e4 oikaisemaan tai t\u00e4ydent\u00e4m\u00e4\u00e4n tiedot. Tietyiss\u00e4 tilanteissa sinulla saattaa olla oikeus k\u00e4sittelyn rajoittamiseen (oikeus k\u00e4sittelyn rajoittamiseen). T\u00e4m\u00e4 tarkoittaa sit\u00e4, ett\u00e4 mik\u00e4li kiist\u00e4t tietojesi paikkaansa pit\u00e4vyyden, sinulla on oikeus rajoittaa tietojen k\u00e4sittely\u00e4 siksi ajaksi, jonka kuluessa voimme varmistaa tietojesi paikkansapit\u00e4vyyden.<br>\u2022 Sinulla on oikeus saada tietosi poistetuksi tietyiss\u00e4 tilanteissa, esimerkiksi silloin, jos henkil\u00f6tietojesi k\u00e4sittely ei en\u00e4\u00e4 ole tarpeellista niihin tarkoituksiin, joita varten ne<br> ker\u00e4ttiin, tai jos henkil\u00f6tietojesi k\u00e4sittely on perustunut suostumukseen ja haluat peruuttaa suostumuksesi, eik\u00e4 henkil\u00f6tietojesi k\u00e4sittelylle ole muuta perustetta (oikeus tulla unohdetuksi). <\/p>\n\n\n\n<h2>Henkil\u00f6tietojen suojaaminen<\/h2>\n\n\n\n<p>Henkil\u00f6tietojasi k\u00e4sittelev\u00e4t vain ne ty\u00f6ntekij\u00e4t, joilla on ty\u00f6teht\u00e4viens\u00e4 vuoksi tarpeen k\u00e4sitell\u00e4 tietoja. Kullakin k\u00e4ytt\u00e4j\u00e4ll\u00e4 on oma k\u00e4ytt\u00e4j\u00e4tunnus ja salasana henkil\u00f6tietoja sis\u00e4lt\u00e4viin j\u00e4rjestelmiin. Meill\u00e4 on asianmukaiset tekniset ja organisatoriset turvallisuusk\u00e4yt\u00e4nn\u00f6t ja prosessit turvaamassa henkil\u00f6tietoja h\u00e4vi\u00e4miselt\u00e4, v\u00e4\u00e4rink\u00e4yt\u00f6lt\u00e4 tai muulta vastaavalta laittomalta p\u00e4\u00e4sylt\u00e4.<br>Tietokannat ovat palomuurein, salasanoin ja muilla teknisill\u00e4 keinoilla suojattuja ja niiden varmuuskopiot sijaitsevat lukituissa tiloissa ja tietoihin p\u00e4\u00e4sev\u00e4t k\u00e4siksi vain ennalta nimetyt henkil\u00f6t. Palvelimet ovat vahvasti suojattuja. <\/p>\n\n\n\n<h2>Tietosuojaselosteen p\u00e4ivitt\u00e4minen<\/h2>\n\n\n\n<p>Kehit\u00e4mme k\u00e4yt\u00e4nt\u00f6j\u00e4mme ja palvelujamme jatkuvasti, mink\u00e4 vuoksi pid\u00e4t\u00e4mme oikeuden muuttaa tietosuojaselostetta tarvittaessa. My\u00f6s muutokset soveltuvassa lains\u00e4\u00e4d\u00e4nn\u00f6ss\u00e4 tai sen tulkinnoissa voivat aiheuttaa muutoksia tietosuoja- selosteessamme. Tietosuojaselosteemme l\u00f6ytyy aina verkkopalveluistamme. Suosittelemme tarkistamaan tietosuojaselosteen sis\u00e4ll\u00f6n s\u00e4\u00e4nn\u00f6llisesti.<\/p>\n\n\n\n<h2>Yhteystiedot koskien tietojasi:<\/h2>\n\n\n\n<p>Tommi Erkkil\u00e4<br>Rantatie 247 B<br>27800 S\u00e4kyl\u00e4<br><br>Puh: 044 2414859<br><br>S\u00e4hk\u00f6posti: tommi@taksierkkila.fi<\/p>\n","protected":false},"excerpt":{"rendered":"<p>Taksi &#8211; Tommi Erkkil\u00e4 Verkkosivustomme osoite on: https:\/\/www.taksierkkila.fi.Taksi Tommi Erkkil\u00e4 on sitoutunut suojaamaan yksityisyytt\u00e4 ja k\u00e4sittelem\u00e4\u00e4n henkil\u00f6tietoja kulloinkin voimassa olevan lains\u00e4\u00e4d\u00e4nn\u00f6n ja hyvien tietosuojak\u00e4yt\u00e4nt\u00f6jen mukaisesti. Kuvaamme t\u00e4ss\u00e4 tietosuojaselosteessa, miten henkil\u00f6tietoja ker\u00e4t\u00e4\u00e4n, k\u00e4sitell\u00e4\u00e4n ja suojataan. Tietojen ker\u00e4\u00e4minen Ker\u00e4\u00e4mme tietoja muun muassa silloin, kun \u2022 Annat meille palautetta tai j\u00e4t\u00e4t yhteydenottopyynn\u00f6n \u2022 K\u00e4yt\u00e4t palveluitamme \u2022 Osallistut markkinointikampanjaamme [&hellip;]<\/p>\n","protected":false},"author":1,"featured_media":0,"parent":0,"menu_order":0,"comment_status":"closed","ping_status":"closed","template":"","meta":{"site-sidebar-layout":"default","site-content-layout":"default","ast-site-content-layout":"default","site-content-style":"default","site-sidebar-style":"default","ast-global-header-display":"","ast-banner-title-visibility":"","ast-main-header-display":"","ast-hfb-above-header-display":"","ast-hfb-below-header-display":"","ast-hfb-mobile-header-display":"","site-post-title":"","ast-breadcrumbs-content":"","ast-featured-img":"","footer-sml-layout":"","theme-transparent-header-meta":"default","adv-header-id-meta":"","stick-header-meta":"","header-above-stick-meta":"","header-main-stick-meta":"","header-below-stick-meta":"","astra-migrate-meta-layouts":"default","ast-page-background-enabled":"default","ast-page-background-meta":{"desktop":{"background-color":"","background-image":"","background-repeat":"repeat","background-position":"center center","background-size":"auto","background-attachment":"scroll","background-type":"","background-media":"","overlay-type":"","overlay-color":"","overlay-opacity":"","overlay-gradient":""},"tablet":{"background-color":"","background-image":"","background-repeat":"repeat","background-position":"center center","background-size":"auto","background-attachment":"scroll","background-type":"","background-media":"","overlay-type":"","overlay-color":"","overlay-opacity":"","overlay-gradient":""},"mobile":{"background-color":"","background-image":"","background-repeat":"repeat","background-position":"center center","background-size":"auto","background-attachment":"scroll","background-type":"","background-media":"","overlay-type":"","overlay-color":"","overlay-opacity":"","overlay-gradient":""}},"ast-content-background-meta":{"desktop":{"background-color":"var(--ast-global-color-5)","background-image":"","background-repeat":"repeat","background-position":"center center","background-size":"auto","background-attachment":"scroll","background-type":"","background-media":"","overlay-type":"","overlay-color":"","overlay-opacity":"","overlay-gradient":""},"tablet":{"background-color":"var(--ast-global-color-5)","background-image":"","background-repeat":"repeat","background-position":"center center","background-size":"auto","background-attachment":"scroll","background-type":"","background-media":"","overlay-type":"","overlay-color":"","overlay-opacity":"","overlay-gradient":""},"mobile":{"background-color":"var(--ast-global-color-5)","background-image":"","background-repeat":"repeat","background-position":"center center","background-size":"auto","background-attachment":"scroll","background-type":"","background-media":"","overlay-type":"","overlay-color":"","overlay-opacity":"","overlay-gradient":""}}},"yoast_head":"<!-- This site is optimized with the Yoast SEO plugin v15.2.1 - https:\/\/yoast.com\/wordpress\/plugins\/seo\/ -->\n<title>Tietosuojaseloste - Taksi Erkkil&auml; - Taksi S&auml;kyl&auml;<\/title>\n<meta name=\"robots\" content=\"index, follow, max-snippet:-1, max-image-preview:large, max-video-preview:-1\" \/>\n<link rel=\"canonical\" href=\"https:\/\/www.taksierkkila.fi\/?page_id=74\" \/>\n<meta property=\"og:locale\" content=\"fi_FI\" \/>\n<meta property=\"og:type\" content=\"article\" \/>\n<meta property=\"og:title\" content=\"Tietosuojaseloste - Taksi Erkkil&auml; - Taksi S&auml;kyl&auml;\" \/>\n<meta property=\"og:description\" content=\"Taksi &#8211; Tommi Erkkil\u00e4 Verkkosivustomme osoite on: https:\/\/www.taksierkkila.fi.Taksi Tommi Erkkil\u00e4 on sitoutunut suojaamaan yksityisyytt\u00e4 ja k\u00e4sittelem\u00e4\u00e4n henkil\u00f6tietoja kulloinkin voimassa olevan lains\u00e4\u00e4d\u00e4nn\u00f6n ja hyvien tietosuojak\u00e4yt\u00e4nt\u00f6jen mukaisesti. Kuvaamme t\u00e4ss\u00e4 tietosuojaselosteessa, miten henkil\u00f6tietoja ker\u00e4t\u00e4\u00e4n, k\u00e4sitell\u00e4\u00e4n ja suojataan. Tietojen ker\u00e4\u00e4minen Ker\u00e4\u00e4mme tietoja muun muassa silloin, kun \u2022 Annat meille palautetta tai j\u00e4t\u00e4t yhteydenottopyynn\u00f6n \u2022 K\u00e4yt\u00e4t palveluitamme \u2022 Osallistut markkinointikampanjaamme [&hellip;]\" \/>\n<meta property=\"og:url\" content=\"https:\/\/www.taksierkkila.fi\/?page_id=74\" \/>\n<meta property=\"og:site_name\" content=\"Taksi Erkkil&auml; - Taksi S&auml;kyl&auml;\" \/>\n<meta name=\"twitter:card\" content=\"summary_large_image\" \/>\n<meta name=\"twitter:label1\" content=\"Written by\">\n\t<meta name=\"twitter:data1\" content=\"admin\">\n\t<meta name=\"twitter:label2\" content=\"Est. reading time\">\n\t<meta name=\"twitter:data2\" content=\"3 minuuttia\">\n<script type=\"application\/ld+json\" class=\"yoast-schema-graph\">{\"@context\":\"https:\/\/schema.org\",\"@graph\":[{\"@type\":\"WebSite\",\"@id\":\"https:\/\/www.taksierkkila.fi\/#website\",\"url\":\"https:\/\/www.taksierkkila.fi\/\",\"name\":\"Taksi Erkkil&auml; - Taksi S&auml;kyl&auml;\",\"description\":\"Taksi Erkkil&auml; - Stressit&ouml;n Kyyti - Taksi S&auml;kyl&auml;\",\"potentialAction\":[{\"@type\":\"SearchAction\",\"target\":\"https:\/\/www.taksierkkila.fi\/?s={search_term_string}\",\"query-input\":\"required name=search_term_string\"}],\"inLanguage\":\"fi\"},{\"@type\":\"WebPage\",\"@id\":\"https:\/\/www.taksierkkila.fi\/?page_id=74#webpage\",\"url\":\"https:\/\/www.taksierkkila.fi\/?page_id=74\",\"name\":\"Tietosuojaseloste - Taksi Erkkil&auml; - Taksi S&auml;kyl&auml;\",\"isPartOf\":{\"@id\":\"https:\/\/www.taksierkkila.fi\/#website\"},\"datePublished\":\"2020-03-29T13:43:10+00:00\",\"dateModified\":\"2020-03-29T13:43:10+00:00\",\"inLanguage\":\"fi\",\"potentialAction\":[{\"@type\":\"ReadAction\",\"target\":[\"https:\/\/www.taksierkkila.fi\/?page_id=74\"]}]}]}<\/script>\n<!-- \/ Yoast SEO plugin. -->","_links":{"self":[{"href":"https:\/\/www.taksierkkila.fi\/index.php?rest_route=\/wp\/v2\/pages\/74"}],"collection":[{"href":"https:\/\/www.taksierkkila.fi\/index.php?rest_route=\/wp\/v2\/pages"}],"about":[{"href":"https:\/\/www.taksierkkila.fi\/index.php?rest_route=\/wp\/v2\/types\/page"}],"author":[{"embeddable":true,"href":"https:\/\/www.taksierkkila.fi\/index.php?rest_route=\/wp\/v2\/users\/1"}],"replies":[{"embeddable":true,"href":"https:\/\/www.taksierkkila.fi\/index.php?rest_route=%2Fwp%2Fv2%2Fcomments&post=74"}],"version-history":[{"count":1,"href":"https:\/\/www.taksierkkila.fi\/index.php?rest_route=\/wp\/v2\/pages\/74\/revisions"}],"predecessor-version":[{"id":76,"href":"https:\/\/www.taksierkkila.fi\/index.php?rest_route=\/wp\/v2\/pages\/74\/revisions\/76"}],"wp:attachment":[{"href":"https:\/\/www.taksierkkila.fi\/index.php?rest_route=%2Fwp%2Fv2%2Fmedia&parent=74"}],"curies":[{"name":"wp","href":"https:\/\/api.w.org\/{rel}","templated":true}]}}